-95. What are the prime factors of y?
103
Let w = 61 + -38. Let c = 46 - w. Let a = c - 15. What are the prime factors of a?
2
Let v(r) = r - 1. Let k be v(-7). Let m = k + 18. What are the prime factors of m?
2, 5
Let v(y) be the third derivative of -y**4/24 - y**3/6 - 2*y**2. What are the prime factors of v(-6)?
5
Suppose -6 = -3*o - 3. Let l(y) = y**3 + 9. Let t be l(0). Suppose t = j + o. List the prime factors of j.
2
Let d(k) = k**2 + 5*k - 2. Let i(j) = -j**3 + 5*j**2 + 6*j. Let c be i(6). Suppose 4*s - 2*s + 12 = c. What are the prime factors of d(s)?
2
Let k = -58 + 131. What are the prime factors of k?
73
Let n(j) = j**3 + 5*j**2 - 4*j + 4. Let g be n(-6). What are the prime factors of 8*(22/g)/(-1)?
2, 11
Let p be (-15 + 5)*(-2)/4. Let q be (p - 5)*(-2)/(-6). Suppose q*k + 5*k = 40. What are the prime factors of k?
2
List the prime factors of ((-36)/(-45))/(2/120).
2, 3
List the prime factors of (8/(-24))/(1/(-33)).
11
Suppose 0 = 5*g - 0*g - 290. What are the prime factors of g?
2, 29
Suppose 2*k - 10 - 11 = -3*u, -3*k = -u - 4. Suppose -2*f = k*f - 75. List the prime factors of f.
3, 5
Let z = 42 - 20. List the prime factors of z.
2, 11
What are the prime factors of 75/(-1 - 0)*4/(-3)?
2, 5
Let c(o) be the first derivative of 25*o**2/2 + 2*o + 4. What are the prime factors of c(1)?
3
Suppose -2 = -o + 1. List the prime factors of 108/8 + o/(-2).
2, 3
Suppose -3*n + 5*s = -22, -2*s - 2*s + 8 = 4*n. Suppose -n*i = -3*i - 4. List the prime factors of i.
2
Let g(x) = -x**2 - 6*x - 2. Let l be g(-5). Suppose 37 + 17 = l*a. List the prime factors of a.
2, 3
List the prime factors of 2/(-3) - (-815)/3.
271
List the prime factors of 66/44 + 133/2.
2, 17
Suppose 8*w - 78 = 5*w. List the prime factors of 0 + (1 - 2) + w.
5
Suppose 2*x - 430 = -3*n, -3*x + 0*n - n = -638. List the prime factors of x.
2, 53
Let t = 22 - -49. Suppose d = -5*z + 41 + 32, 5*z + 2*d = t. List the prime factors of z.
3, 5
Suppose -15*i = -11*i - 240. Let t = 90 - i. What are the prime factors of t?
2, 3, 5
Suppose 2*s - 4 = s. Let o be 1 + 10 + -1 + 1. Let d = o - s. List the prime factors of d.
7
Let b be 10/6 - (-6)/(-9). Let c be -9*(-2 + b)*2. What are the prime factors of ((-4)/(-3))/(4/c)?
2, 3
Let c(r) = -2*r - 9. Let p be c(-8). Let f = p - 1. Let g(z) = z - 4. List the prime factors of g(f).
2
Suppose k + 125 = j + 6*k, 2*j - 218 = -2*k. What are the prime factors of j?
3, 5, 7
Let r(q) = 2*q**2 + 2*q - 1. Let v be r(1). Suppose v*f + 0*f = 18. Suppose f*t = t + 10. What are the prime factors of t?
2
Let l(i) = -i**3 + 4*i**2 + 1. Let g be l(4). Let a(s) = g + 1 + s + 0*s + s**2. List the prime factors of a(-4).
2, 7
Suppose 13*s - 1215 = 4*s. List the prime factors of s.
3, 5
Let l = 18 + -37. Let s = l + 31. What are the prime factors of s?
2, 3
Suppose -24 - 4 = -5*u - 4*y, -5*u = 5*y - 30. What are the prime factors of u?
2
Let u(a) = 11*a - 3. What are the prime factors of u(3)?
2, 3, 5
Let p(z) = z**3 - 9*z**2 + 6*z - 5. What are the prime factors of p(9)?
7
Suppose 5*q - 2*o = 2*o + 100, -105 = -5*q + 3*o. Suppose -k - 2*k = -f - q, 2*f + 5*k = 7. What are the prime factors of 6/f*(-18)/1?
2, 3
Suppose 0 = y + 2*s - 36, 0 = -3*s - 2*s - 20. List the prime factors of y.
2, 11
Suppose 3*g + 186 = 9*g. List the prime factors of g.
31
What are the prime factors of ((-476)/(-35))/((-4)/(-10))?
2, 17
Let z(q) = -6*q + q**3 + 2 - 10 - 4*q**2 + 1. Let j be z(5). Let r = j + 21. What are the prime factors of r?
3
Suppose 0 = -3*z + z + 402. Suppose z = 5*t - 5*o + 3*o, -4*t - o + 153 = 0. Let f = t + -22. What are the prime factors of f?
17
Let s = -34 + 48. Let r = -9 + s. What are the prime factors of r?
5
Let k(f) = -f + 8. Let h(y) = y - 9. Let t(o) = -4*h(o) - 3*k(o). What are the prime factors of t(7)?
5
List the prime factors of (-47)/(-9) + 6/(-27).
5
Suppose -y + 6*y = 35. Let z = y + 24. What are the prime factors of z?
31
Suppose 7*h = 8*h - 8. Let v = h - 4. List the prime factors of v.
2
Let h(n) = 7*n + 4. Let d be h(-3). Let q = 7 + d. List the prime factors of (-1)/(4/q)*2.
5
Let j = 19 - 7. What are the prime factors of (1 + 93/j)*4?
5, 7
Let t = -19 + 29. Let d = t - 8. Let z = d + 2. What are the prime factors of z?
2
Let o be (4/5)/(1/5). Let l(f) = 4*f - 2 - 5 - 2 + 4. What are the prime factors of l(o)?
11
Suppose 2*h + 2282 = 9*h. List the prime factors of h.
2, 163
Suppose -2*l + 114 = -120. What are the prime factors of l?
3, 13
Suppose 25 = 5*k - a, -3*a + 25 = 5*k - 0*a. Let c = k - -5. Suppose 4*y = 2*y + c. List the prime factors of y.
5
Let x = -1 + 3. Suppose 0 = 4*z - x*g - g - 49, z = -g + 7. Let o(a) = a**2 - 11*a + 14. List the prime factors of o(z).
2
Suppose -2*y = -5*r + 40, -2*y - 43 = -3*r - 15. Suppose 3*t - 4*m - 14 = -4, 0 = 2*t + 5*m + 1. Suppose -r*g + 36 = -t*g. List the prime factors of g.
3
Let m(l) be the second derivative of -l**3/3 - 3*l**2/2 + 2*l. Let c be m(-6). Let v = c - 7. List the prime factors of v.
2
Let d = 83 - 58. Suppose 4*g = 3*x - 31 - d, 4*g = 2*x - 40. List the prime factors of x.
2
Let n = -2 - -3. Suppose 5*a + 3*v - 7 = 0, v = -0 - n. Suppose -a*m - 12 = -4*m. What are the prime factors of m?
2, 3
Suppose -3*g = -573 - 21. What are the prime factors of g?
2, 3, 11
Let g = 63 - 37. What are the prime factors of g?
2, 13
Let l(c) = 3*c**2 - 2*c + 1. Let k be l(1). Suppose -29 - 38 = -3*b - u, -u - 38 = -k*b. List the prime factors of b.
3, 7
Let h(o) = o**3 - 1. Let g(w) = 2*w**3 - 4*w**2 - 5. Let s(t) = -g(t) + 3*h(t). Let i be s(-4). What are the prime factors of 7 + (-4 + i)/(-2)?
2
List the prime factors of (-92)/(-6) - 3/9.
3, 5
Suppose -2*y + 24 = y. Let n = 26 - y. Suppose -r + n = 2*r. What are the prime factors of r?
2, 3
Let t(v) = -v**3 + 4*v**2 + 4*v + 7. Let z(d) = d**3 - 5*d + 3. Let s be z(3). Suppose -3*k + 0*k = -s. List the prime factors of t(k).
2
List the prime factors of 16*(5 + 2 + -5).
2
Suppose -3 + 14 = w + g, -3*g + 17 = w. Let z be 2/(2 + 0) - -1. Let a = w - z. List the prime factors of a.
2, 3
Let c(x) = -5*x - 4. Let w(m) = -6*m - 3. Let g(y) = -5*c(y) + 4*w(y). Let z be g(-9). List the prime factors of (0 - -3) + z - -2.
2
Suppose -6*t + 171 = -807. List the prime factors of t.
163
Let h = -20 + 8. Let r = h + 3. Let t = r - -18. What are the prime factors of t?
3
Suppose 3*g - 308 = -2*q, 3*g - 27 = 4*q + 275. What are the prime factors of g?
2, 3, 17
Let g = 1 + -3. Let l(k) = k**3 - 2*k**2 - 9*k. Let y be l(4). Let t = g - y. What are the prime factors of t?
2
Let h(c) = -c**2 + 16*c - 8. What are the prime factors of h(7)?
5, 11
Suppose a = -4*a - 10, 4*r + 4*a - 80 = 0. Suppose p = -p + r. List the prime factors of p.
11
Let s(m) = -m**3 + 11*m**2 + 2*m - 6. What are the prime factors of s(7)?
2, 3, 17
Let f(m) be the first derivative of 1/4*m**4 + m - 3 - 2/3*m**3 + m**2. List the prime factors of f(2).
5
Suppose 6*x + 17 = 257. List the prime factors of x.
2, 5
Let t(a) be the third derivative of 0*a + 1/3*a**3 + a**2 + 0 + 1/8*a**4. List the prime factors of t(2).
2
Let t(z) = 25*z**2 + 7*z - 6. List the prime factors of t(3).
2, 3, 5
Suppose -2*s - 3*s = 5*i, 5*s - 18 = i. Suppose -4*u + 20 = 0, -s*u - 2*u + 135 = 5*f. List the prime factors of f.
2, 11
Let p(y) be the first derivative of -y**3 - 3*y**2 - 3*y - 4. Let r(g) be the first derivative of p(g). List the prime factors of r(-4).
2, 3
Suppose 0 = -c + 3*w - 7, 5*c - 29 = -w. Let p = c - 2. Suppose 34 - 10 = p*d. List the prime factors of d.
2
What are the prime factors of 2/5 - ((-1003)/5 - -1)?
2, 5
Let r(u) = u**2 + 7*u + 6. Let p be r(-7). What are the prime factors of 19/2 - 3/p?
3
Suppose -3*g + 3*h + 21 = 0, -g - 4*h - 4 = -6. What are the prime factors of g?
2, 3
Let n(x) = x**2 - 8*x + 10. Let a be n(7). Suppose 3*c = a*k + 30, -c = -0*c + 5*k - 10. List the prime factors of c.
2, 5
Let s be -6*(0 + (-2)/4). Let o be -2*(s/2)/(-1). Suppose 20 + 4 = o*u. List the prime factors of u.
2
Let k(o) = o**2 + 14*o - 12. Let i(f) = -f**2 - 15*f + 13. Let m(b) = -4*i(b) - 5*k(b). List the prime factors of m(-9).
17
Let y(r) = -2*r**3 - 4*r**2 - 3*r. Let a = -4 + 0. Let t = -6 - a. List the prime factors of y(t).
2, 3
Let n(z) = z**3 - 6*z**2 - 2*z + 8. Let j be n(6). Let m = j + 7. Suppos